{"id":1362,"date":"2025-06-21T02:41:05","date_gmt":"2025-06-21T02:41:05","guid":{"rendered":"https:\/\/tassahetkessa.net\/?page_id=1362"},"modified":"2026-02-03T11:28:03","modified_gmt":"2026-02-03T11:28:03","slug":"yhteystiedot-2","status":"publish","type":"page","link":"https:\/\/tassahetkessa.net\/?page_id=1362","title":{"rendered":"Yhteystiedot"},"content":{"rendered":"\n<div class=\"wp-block-uagb-container uagb-block-d813a79f alignfull uagb-is-root-container\"><div class=\"uagb-container__shape uagb-container__shape-bottom uagb-container__invert\" data-negative=\"false\"><svg xmlns=\"https:\/\/www.w3.org\/2000\/svg\" viewBox=\"0 0 1000 100\" preserveAspectRatio=\"none\"><path class=\"uagb-container__shape-fill\" opacity=\"0.33\" d=\"M473,67.3c-203.9,88.3-263.1-34-320.3,0C66,119.1,0,59.7,0,59.7V0h1000v59.7 c0,0-62.1,26.1-94.9,29.3c-32.8,3.3-62.8-12.3-75.8-22.1C806,49.6,745.3,8.7,694.9,4.7S492.4,59,473,67.3z\"><\/path><path class=\"uagb-container__shape-fill\" opacity=\"0.66\" d=\"M734,67.3c-45.5,0-77.2-23.2-129.1-39.1c-28.6-8.7-150.3-10.1-254,39.1 s-91.7-34.4-149.2,0C115.7,118.3,0,39.8,0,39.8V0h1000v36.5c0,0-28.2-18.5-92.1-18.5C810.2,18.1,775.7,67.3,734,67.3z\"><\/path><path class=\"uagb-container__shape-fill\" d=\"M766.1,28.9c-200-57.5-266,65.5-395.1,19.5C242,1.8,242,5.4,184.8,20.6C128,35.8,132.3,44.9,89.9,52.5C28.6,63.7,0,0,0,0 h1000c0,0-9.9,40.9-83.6,48.1S829.6,47,766.1,28.9z\"><\/path><\/svg><\/div><div class=\"uagb-container-inner-blocks-wrap\">\n<div class=\"wp-block-uagb-info-box uagb-block-84311fa0 uagb-infobox__content-wrap  uagb-infobox-icon-above-title uagb-infobox-image-valign-top\"><div class=\"uagb-ifb-content\"><div class=\"uagb-ifb-title-wrap\"><h6 class=\"uagb-ifb-title-prefix\">T\u00e4ss\u00e4 Hetkess\u00e4 Ry<\/h6><h1 class=\"uagb-ifb-title\">Yhteystiedot<\/h1><\/div><p class=\"uagb-ifb-desc\">Voit ottaa meihin yhteytt\u00e4 s\u00e4hk\u00f6postitse tai puhelimitse, tai seurata meit\u00e4 Facessa<\/p><\/div><\/div>\n<\/div><\/div>\n\n\n\n<div class=\"wp-block-uagb-container uagb-block-f7e8e06b alignfull uagb-is-root-container\"><div class=\"uagb-container__shape uagb-container__shape-bottom uagb-container__invert\" data-negative=\"false\"><svg xmlns=\"https:\/\/www.w3.org\/2000\/svg\" viewBox=\"0 0 1000 100\" preserveAspectRatio=\"none\"><path class=\"uagb-container__shape-fill\" opacity=\"0.33\" d=\"M473,67.3c-203.9,88.3-263.1-34-320.3,0C66,119.1,0,59.7,0,59.7V0h1000v59.7 c0,0-62.1,26.1-94.9,29.3c-32.8,3.3-62.8-12.3-75.8-22.1C806,49.6,745.3,8.7,694.9,4.7S492.4,59,473,67.3z\"><\/path><path class=\"uagb-container__shape-fill\" opacity=\"0.66\" d=\"M734,67.3c-45.5,0-77.2-23.2-129.1-39.1c-28.6-8.7-150.3-10.1-254,39.1 s-91.7-34.4-149.2,0C115.7,118.3,0,39.8,0,39.8V0h1000v36.5c0,0-28.2-18.5-92.1-18.5C810.2,18.1,775.7,67.3,734,67.3z\"><\/path><path class=\"uagb-container__shape-fill\" d=\"M766.1,28.9c-200-57.5-266,65.5-395.1,19.5C242,1.8,242,5.4,184.8,20.6C128,35.8,132.3,44.9,89.9,52.5C28.6,63.7,0,0,0,0 h1000c0,0-9.9,40.9-83.6,48.1S829.6,47,766.1,28.9z\"><\/path><\/svg><\/div><div class=\"uagb-container-inner-blocks-wrap\">\n<div class=\"wp-block-uagb-container uagb-block-b4b938af\">\n<div class=\"wp-block-uagb-info-box uagb-block-f6c1693a uagb-infobox__content-wrap  uagb-infobox-icon-above-title uagb-infobox-image-valign-top\"><div class=\"uagb-ifb-content\"><div class=\"uagb-ifb-title-wrap\"><h2 class=\"uagb-ifb-title-prefix\">T\u00e4ss\u00e4 Hetkess\u00e4 ry<\/h2><\/div><div class=\"uagb-ifb-separator\"><\/div><\/div><\/div>\n\n\n\n<div class=\"wp-block-uagb-advanced-heading uagb-block-f66a6c27\"><\/div>\n\n\n\n<div class=\"wp-block-uagb-image uagb-block-6a60b7ed wp-block-uagb-image--layout-default wp-block-uagb-image--effect-static wp-block-uagb-image--align-none\"><figure class=\"wp-block-uagb-image__figure\"><img decoding=\"async\" srcset=\"https:\/\/tassahetkessa.net\/wp-content\/uploads\/2024\/12\/pin-3-1.svg ,https:\/\/tassahetkessa.net\/wp-content\/uploads\/2024\/12\/pin-3-1.svg 780w, https:\/\/tassahetkessa.net\/wp-content\/uploads\/2024\/12\/pin-3-1.svg 360w\" sizes=\"auto, (max-width: 480px) 150px\" src=\"https:\/\/tassahetkessa.net\/wp-content\/uploads\/2024\/12\/pin-3-1.svg\" alt=\"\" class=\"uag-image-247\" width=\"25\" height=\"25\" title=\"pin-3 1\" loading=\"lazy\" role=\"img\"\/><\/figure><\/div>\n\n\n\n<p>Valon Vintti<br>Ketokatu 8<br>90140 OULU<br><br>HUOM! K\u00e4ynti rakennuksen matalan siiven p\u00e4\u00e4dyst\u00e4 yl\u00e4kertaan. Alakerrassa liiketiloja. Google Maps ei n\u00e4yt\u00e4 sijaintia oikein.<\/p>\n\n\n\n<div class=\"wp-block-uagb-image uagb-block-6a1a21e4 wp-block-uagb-image--layout-default wp-block-uagb-image--effect-static wp-block-uagb-image--align-none\"><figure class=\"wp-block-uagb-image__figure\"><img decoding=\"async\" srcset=\"https:\/\/tassahetkessa.net\/wp-content\/uploads\/2024\/12\/phone-1-1.svg ,https:\/\/tassahetkessa.net\/wp-content\/uploads\/2024\/12\/phone-1-1.svg 780w, https:\/\/tassahetkessa.net\/wp-content\/uploads\/2024\/12\/phone-1-1.svg 360w\" sizes=\"auto, (max-width: 480px) 150px\" src=\"https:\/\/tassahetkessa.net\/wp-content\/uploads\/2024\/12\/phone-1-1.svg\" alt=\"\" class=\"uag-image-250\" width=\"25\" height=\"18\" title=\"phone 1\" loading=\"lazy\" role=\"img\"\/><\/figure><\/div>\n\n\n\n<p>040 734 9004 Eija Saranp\u00e4\u00e4 (puheenjohtaja)<br>040 844 8440 Riikka Vuorij\u00e4rvi (sihteeri)<\/p>\n\n\n\n<div class=\"wp-block-uagb-image uagb-block-fb2e4962 wp-block-uagb-image--layout-default wp-block-uagb-image--effect-static wp-block-uagb-image--align-none\"><figure class=\"wp-block-uagb-image__figure\"><img decoding=\"async\" srcset=\"https:\/\/tassahetkessa.net\/wp-content\/uploads\/2024\/12\/letter-1.svg ,https:\/\/tassahetkessa.net\/wp-content\/uploads\/2024\/12\/letter-1.svg 780w, https:\/\/tassahetkessa.net\/wp-content\/uploads\/2024\/12\/letter-1.svg 360w\" sizes=\"auto, (max-width: 480px) 150px\" src=\"https:\/\/tassahetkessa.net\/wp-content\/uploads\/2024\/12\/letter-1.svg\" alt=\"\" class=\"uag-image-248\" width=\"18\" height=\"18\" title=\"letter 1\" loading=\"lazy\" role=\"img\"\/><\/figure><\/div>\n\n\n\n<p>tassahetkessa.ry(at)gmail.com<\/p>\n<\/div>\n\n\n\n<div class=\"wp-block-uagb-container uagb-block-a5d4aaa7\">\n<div class=\"wp-block-uagb-image uagb-block-e56a49a4 wp-block-uagb-image--layout-default wp-block-uagb-image--effect-static wp-block-uagb-image--align-none\"><figure class=\"wp-block-uagb-image__figure\"><a class=\"\" href=\"https:\/\/maps.app.goo.gl\/9qPFac6qJkeHYAwV6\" target=\"_blank\" rel=\"noreferrer noopener\"><img decoding=\"async\" srcset=\"https:\/\/tassahetkessa.net\/wp-content\/uploads\/2025\/06\/ValonVinttiKartta-1024x939.jpg ,https:\/\/tassahetkessa.net\/wp-content\/uploads\/2025\/06\/ValonVinttiKartta.jpg 780w, https:\/\/tassahetkessa.net\/wp-content\/uploads\/2025\/06\/ValonVinttiKartta.jpg 360w\" sizes=\"auto, (max-width: 480px) 150px\" src=\"https:\/\/tassahetkessa.net\/wp-content\/uploads\/2025\/06\/ValonVinttiKartta-1024x939.jpg\" alt=\"\" class=\"uag-image-1371\" width=\"600\" height=\"550\" title=\"ValonVinttiKartta\" loading=\"lazy\" role=\"img\"\/><\/a><\/figure><\/div>\n<\/div>\n<\/div><\/div>\n\n\n\n<div class=\"wp-block-uagb-container uag-hide-desktop uag-hide-tab uag-hide-mob uagb-block-a38d023c alignfull uagb-is-root-container\"><div class=\"uagb-container-inner-blocks-wrap\">\n<div class=\"wp-block-uagb-container uagb-block-d0b260e4\">\n<div class=\"wp-block-uagb-image uagb-block-df8a0ff4 wp-block-uagb-image--layout-default wp-block-uagb-image--effect-static wp-block-uagb-image--align-none\"><figure class=\"wp-block-uagb-image__figure\"><img decoding=\"async\" srcset=\"https:\/\/tassahetkessa.net\/wp-content\/uploads\/2025\/06\/20230825_193630-1024x577.jpg ,https:\/\/tassahetkessa.net\/wp-content\/uploads\/2025\/06\/20230825_193630-scaled.jpg 780w, https:\/\/tassahetkessa.net\/wp-content\/uploads\/2025\/06\/20230825_193630-scaled.jpg 360w\" sizes=\"auto, (max-width: 480px) 150px\" src=\"https:\/\/tassahetkessa.net\/wp-content\/uploads\/2025\/06\/20230825_193630-1024x577.jpg\" alt=\"\" class=\"uag-image-1207\" width=\"600\" height=\"550\" title=\"20230825_193630\" loading=\"lazy\" role=\"img\"\/><\/figure><\/div>\n<\/div>\n\n\n\n<div class=\"wp-block-uagb-container uagb-block-6e1a6013\">\n<div class=\"wp-block-uagb-info-box uagb-block-ff0cea11 uagb-infobox__content-wrap  uagb-infobox-icon-above-title uagb-infobox-image-valign-top\"><div class=\"uagb-ifb-content\"><div class=\"uagb-ifb-title-wrap\"><h2 class=\"uagb-ifb-title-prefix\">Muut tapahtumat ja kokoontumiset <\/h2><\/div><div class=\"uagb-ifb-separator\"><\/div><\/div><\/div>\n\n\n\n<p>Yhdistykselle on muodostunut perinteeksi kokoontua l\u00e4hiseudun luontokohteisiin tietyll\u00e4 teemalla. Juhlistamme vuosittain mm. talvip\u00e4iv\u00e4n seisausta, kev\u00e4tp\u00e4iv\u00e4n tasausta, kes\u00e4- ja syyskauden avausta. Ohjelmaan on kuulunut esimerkiksi saunomista, musiikkia, koskenlaskua, yhteisrummutusta, luontojoogaa ja meditaatiota j\u00e4ttikuusen alla.<br>&nbsp;<br>Ajantasainen tieto T\u00e4ss\u00e4 Hetkess\u00e4 ry:n toiminnasta ja Valon Vintin tapahtumista l\u00f6ytyy <a href=\"https:\/\/www.facebook.com\/profile.php?id=100072027190828\" target=\"_blank\" rel=\"noreferrer noopener\"><strong>Facebook-sivuiltamme<\/strong><\/a> sek\u00e4 whatsapp-ryhm\u00e4st\u00e4 T\u00e4ss\u00e4 Hetkess\u00e4 -tapahtumat. J\u00e4senille l\u00e4het\u00e4mme tiedotusviestin s\u00e4hk\u00f6postitse muutaman kerran kuukaudessa.<br><\/p>\n<\/div>\n<\/div><\/div>\n\n\n\n<div class=\"wp-block-uagb-container uag-hide-desktop uag-hide-tab uag-hide-mob uagb-block-42522d10 alignfull uagb-is-root-container\"><div class=\"uagb-container__shape uagb-container__shape-top\"><svg xmlns=\"https:\/\/www.w3.org\/2000\/svg\" viewBox=\"0 0 1000 100\" preserveAspectRatio=\"none\"><path class=\"uagb-container__shape-fill\" opacity=\"0.33\" d=\"M473,67.3c-203.9,88.3-263.1-34-320.3,0C66,119.1,0,59.7,0,59.7V0h1000v59.7 c0,0-62.1,26.1-94.9,29.3c-32.8,3.3-62.8-12.3-75.8-22.1C806,49.6,745.3,8.7,694.9,4.7S492.4,59,473,67.3z\"><\/path><path class=\"uagb-container__shape-fill\" opacity=\"0.66\" d=\"M734,67.3c-45.5,0-77.2-23.2-129.1-39.1c-28.6-8.7-150.3-10.1-254,39.1 s-91.7-34.4-149.2,0C115.7,118.3,0,39.8,0,39.8V0h1000v36.5c0,0-28.2-18.5-92.1-18.5C810.2,18.1,775.7,67.3,734,67.3z\"><\/path><path class=\"uagb-container__shape-fill\" d=\"M766.1,28.9c-200-57.5-266,65.5-395.1,19.5C242,1.8,242,5.4,184.8,20.6C128,35.8,132.3,44.9,89.9,52.5C28.6,63.7,0,0,0,0 h1000c0,0-9.9,40.9-83.6,48.1S829.6,47,766.1,28.9z\"><\/path><\/svg><\/div><div class=\"uagb-container__shape uagb-container__shape-bottom uagb-container__invert\" data-negative=\"false\"><svg xmlns=\"https:\/\/www.w3.org\/2000\/svg\" viewBox=\"0 0 1000 100\" preserveAspectRatio=\"none\"><path class=\"uagb-container__shape-fill\" opacity=\"0.33\" d=\"M473,67.3c-203.9,88.3-263.1-34-320.3,0C66,119.1,0,59.7,0,59.7V0h1000v59.7 c0,0-62.1,26.1-94.9,29.3c-32.8,3.3-62.8-12.3-75.8-22.1C806,49.6,745.3,8.7,694.9,4.7S492.4,59,473,67.3z\"><\/path><path class=\"uagb-container__shape-fill\" opacity=\"0.66\" d=\"M734,67.3c-45.5,0-77.2-23.2-129.1-39.1c-28.6-8.7-150.3-10.1-254,39.1 s-91.7-34.4-149.2,0C115.7,118.3,0,39.8,0,39.8V0h1000v36.5c0,0-28.2-18.5-92.1-18.5C810.2,18.1,775.7,67.3,734,67.3z\"><\/path><path class=\"uagb-container__shape-fill\" d=\"M766.1,28.9c-200-57.5-266,65.5-395.1,19.5C242,1.8,242,5.4,184.8,20.6C128,35.8,132.3,44.9,89.9,52.5C28.6,63.7,0,0,0,0 h1000c0,0-9.9,40.9-83.6,48.1S829.6,47,766.1,28.9z\"><\/path><\/svg><\/div><div class=\"uagb-container-inner-blocks-wrap\">\n<div class=\"wp-block-uagb-container uagb-block-828516f7\">\n<div class=\"wp-block-uagb-info-box uagb-block-580c02df uagb-infobox__content-wrap  uagb-infobox-icon-above-title uagb-infobox-image-valign-top\"><div class=\"uagb-ifb-content\"><div class=\"uagb-ifb-title-wrap\"><h2 class=\"uagb-ifb-title-prefix\">J\u00e4seneksi liittyminen<\/h2><\/div><div class=\"uagb-ifb-separator\"><\/div><\/div><\/div>\n\n\n\n<div class=\"wp-block-uagb-advanced-heading uagb-block-1bce4b41\"><p class=\"uagb-desc-text\">T\u00e4ss\u00e4 Hetkess\u00e4 ry:n j\u00e4seneksi voivat liitty\u00e4 sek\u00e4 yritykset ett\u00e4 yksityishenkil\u00f6t. Vuoden 2025 j\u00e4senmaksu on 25 Eur. J\u00e4senen\u00e4 p\u00e4\u00e4set ilmaiseksi j\u00e4seniltoihin ja alennettuun hintaan <a href=\"https:\/\/ilonvalkeat.info\/\" target=\"_blank\" rel=\"noreferrer noopener\"><strong>ILONValkeat -hyvinvointimessuille<\/strong><\/a>. Yritt\u00e4j\u00e4j\u00e4senten tapahtumia ja palveluja voimme markkinoida T\u00e4ss\u00e4 Hetkess\u00e4 ry:n kanavilla, jos niihin tarjotaan 10-15 % j\u00e4senalennus.<\/p><\/div>\n\n\n\n<div class=\"wp-block-uagb-buttons uagb-buttons__outer-wrap uagb-btn__default-btn uagb-btn-tablet__default-btn uagb-btn-mobile__default-btn uagb-block-30eaf9ce\"><div class=\"uagb-buttons__wrap uagb-buttons-layout-wrap \">\n<div class=\"wp-block-uagb-buttons-child uagb-buttons__outer-wrap uagb-block-6c65e6c8 wp-block-button\"><div class=\"uagb-button__wrapper\"><a class=\"uagb-buttons-repeater wp-block-button__link\" aria-label=\"\" href=\"https:\/\/tassahetkessa.net\/liity-jaseneksi\/\" rel=\"follow noopener\" target=\"_self\" role=\"button\"><div class=\"uagb-button__link\">Liity j\u00e4seneksi<\/div><\/a><\/div><\/div>\n<\/div><\/div>\n<\/div>\n\n\n\n<div class=\"wp-block-uagb-container uagb-block-06473ea3\">\n<div class=\"wp-block-uagb-image uagb-block-ed781db9 wp-block-uagb-image--layout-default wp-block-uagb-image--effect-static wp-block-uagb-image--align-none\"><figure class=\"wp-block-uagb-image__figure\"><img decoding=\"async\" srcset=\"https:\/\/tassahetkessa.net\/wp-content\/uploads\/2025\/06\/Halikuva-1024x939.jpg ,https:\/\/tassahetkessa.net\/wp-content\/uploads\/2025\/06\/Halikuva.jpg 780w, https:\/\/tassahetkessa.net\/wp-content\/uploads\/2025\/06\/Halikuva.jpg 360w\" sizes=\"auto, (max-width: 480px) 150px\" src=\"https:\/\/tassahetkessa.net\/wp-content\/uploads\/2025\/06\/Halikuva-1024x939.jpg\" alt=\"\" class=\"uag-image-1217\" width=\"600\" height=\"550\" title=\"Halikuva\" loading=\"lazy\" role=\"img\"\/><\/figure><\/div>\n<\/div>\n<\/div><\/div>\n","protected":false},"excerpt":{"rendered":"<p>Valon VinttiKetokatu 890140 OULU HUOM! K\u00e4ynti rakennuksen matalan siiven p\u00e4\u00e4dyst\u00e4 yl\u00e4kertaan. Alakerrassa liiketiloja. Google Maps ei n\u00e4yt\u00e4 sijaintia oikein. 040 [&hellip;]<\/p>\n","protected":false},"author":1,"featured_media":0,"parent":0,"menu_order":0,"comment_status":"closed","ping_status":"closed","template":"","meta":{"_uag_custom_page_level_css":"","site-sidebar-layout":"default","site-content-layout":"","ast-site-content-layout":"","site-content-style":"default","site-sidebar-style":"default","ast-global-header-display":"","ast-banner-title-visibility":"","ast-main-header-display":"","ast-hfb-above-header-display":"","ast-hfb-below-header-display":"","ast-hfb-mobile-header-display":"","site-post-title":"","ast-breadcrumbs-content":"","ast-featured-img":"","footer-sml-layout":"","theme-transparent-header-meta":"","adv-header-id-meta":"","stick-header-meta":"","header-above-stick-meta":"","header-main-stick-meta":"","header-below-stick-meta":"","astra-migrate-meta-layouts":"default","ast-page-background-enabled":"default","ast-page-background-meta":{"desktop":{"background-color":"var(--ast-global-color-4)","background-image":"","background-repeat":"repeat","background-position":"center center","background-size":"auto","background-attachment":"scroll","background-type":"","background-media":"","overlay-type":"","overlay-color":"","overlay-opacity":"","overlay-gradient":""},"tablet":{"background-color":"","background-image":"","background-repeat":"repeat","background-position":"center center","background-size":"auto","background-attachment":"scroll","background-type":"","background-media":"","overlay-type":"","overlay-color":"","overlay-opacity":"","overlay-gradient":""},"mobile":{"background-color":"","background-image":"","background-repeat":"repeat","background-position":"center center","background-size":"auto","background-attachment":"scroll","background-type":"","background-media":"","overlay-type":"","overlay-color":"","overlay-opacity":"","overlay-gradient":""}},"ast-content-background-meta":{"desktop":{"background-color":"var(--ast-global-color-5)","background-image":"","background-repeat":"repeat","background-position":"center center","background-size":"auto","background-attachment":"scroll","background-type":"","background-media":"","overlay-type":"","overlay-color":"","overlay-opacity":"","overlay-gradient":""},"tablet":{"background-color":"var(--ast-global-color-5)","background-image":"","background-repeat":"repeat","background-position":"center center","background-size":"auto","background-attachment":"scroll","background-type":"","background-media":"","overlay-type":"","overlay-color":"","overlay-opacity":"","overlay-gradient":""},"mobile":{"background-color":"var(--ast-global-color-5)","background-image":"","background-repeat":"repeat","background-position":"center center","background-size":"auto","background-attachment":"scroll","background-type":"","background-media":"","overlay-type":"","overlay-color":"","overlay-opacity":"","overlay-gradient":""}},"footnotes":""},"class_list":["post-1362","page","type-page","status-publish","hentry"],"uagb_featured_image_src":{"full":false,"thumbnail":false,"medium":false,"medium_large":false,"large":false,"1536x1536":false,"2048x2048":false},"uagb_author_info":{"display_name":"Hannu","author_link":"https:\/\/tassahetkessa.net\/?author=1"},"uagb_comment_info":0,"uagb_excerpt":"Valon VinttiKetokatu 890140 OULU HUOM! K\u00e4ynti rakennuksen matalan siiven p\u00e4\u00e4dyst\u00e4 yl\u00e4kertaan. Alakerrassa liiketiloja. Google Maps ei n\u00e4yt\u00e4 sijaintia oikein. 040 [&hellip;]","_links":{"self":[{"href":"https:\/\/tassahetkessa.net\/index.php?rest_route=\/wp\/v2\/pages\/1362","targetHints":{"allow":["GET"]}}],"collection":[{"href":"https:\/\/tassahetkessa.net\/index.php?rest_route=\/wp\/v2\/pages"}],"about":[{"href":"https:\/\/tassahetkessa.net\/index.php?rest_route=\/wp\/v2\/types\/page"}],"author":[{"embeddable":true,"href":"https:\/\/tassahetkessa.net\/index.php?rest_route=\/wp\/v2\/users\/1"}],"replies":[{"embeddable":true,"href":"https:\/\/tassahetkessa.net\/index.php?rest_route=%2Fwp%2Fv2%2Fcomments&post=1362"}],"version-history":[{"count":57,"href":"https:\/\/tassahetkessa.net\/index.php?rest_route=\/wp\/v2\/pages\/1362\/revisions"}],"predecessor-version":[{"id":2010,"href":"https:\/\/tassahetkessa.net\/index.php?rest_route=\/wp\/v2\/pages\/1362\/revisions\/2010"}],"wp:attachment":[{"href":"https:\/\/tassahetkessa.net\/index.php?rest_route=%2Fwp%2Fv2%2Fmedia&parent=1362"}],"curies":[{"name":"wp","href":"https:\/\/api.w.org\/{rel}","templated":true}]}}